3 + 93*b**3 - 214*b**3. Is l(-22) composite?
False
Suppose 2*k + 3*k = 5*n - 10, 0 = 2*n + 5*k - 4. Let w be (n/18)/((-1)/(-9)). Let b(t) = 540*t**3 + 2*t - 1. Is b(w) composite?
False
Let p(w) be the third derivative of 5*w**4/12 + 31*w**3/3 + 6*w**2. Let a be p(-6). Suppose -a*x + 0*r + 1578 = -r, 4*x = 3*r + 3160. Is x a composite number?
False
Let l(c) = 80*c**2 + 10*c + 2. Let m(s) = -80*s**2 - 9*s - 1. Suppose 0 = 2*z + 7*z + 63. Let v(h) = z*m(h) - 6*l(h). Is v(2) composite?
True
Suppose 3*h + 8 = 2*d, -5*d - 16 = h + 15. Let z(o) = -735*o - 4. Is z(h) prime?
False
Suppose -5*i + 1182590 = n - 2*n, 0 = i - 3*n - 236532. Suppose -473026 = 4*v + 2*p, 2*v + 5*p + i = -0*p. Is v/(-160) + 1/(-10) prime?
True
Let y(l) = 28*l**2 - 10*l + 35. Let b be y(-11). Suppose f - 3399 = 4*m, 2*f + 2*m = b + 3275. Is f prime?
False
Suppose 6*z = 268410 + 48924. Is z a prime number?
True
Let d = -195 - -257. Suppose -f = -2*r + d + 2071, 4*f = -2*r + 2138. Is r a prime number?
False
Let j = 15000 - -59411. Is j composite?
False
Let w be -3 + (-1 - (-8 + 7 + -5)). Let n(u) = 4023*u + 13. Is n(w) prime?
True
Let q = 2910 - 4100. Let b = 6771 + q. Is b composite?
False
Suppose 16 = -4*w - 0, 4*y - 2*w + 6180 = 0. Let v = y + 2368. Is v a prime number?
True
Suppose 0 = -3*p - 7 + 25. Suppose 0 = -p*f - 3 + 15. Suppose -f*w - 2274 = -4*w. Is w composite?
True
Is (44/(-132))/(1/(-1331283)) - -10 composite?
False
Let o = 21 - 19. Suppose 4*i = -o*i. Suppose i = -2*m - 11 + 153. Is m a composite number?
False
Let i = 743 - 743. Suppose 2*p + 241 = 3*l, -l - 5*p + 2 + 50 = i. Is l a composite number?
True
Let h(r) = 50*r**2 - 9*r - 12. Let t be h(-3). Suppose -t*k = -469*k + 15044. Is k composite?
False
Is 1/3 - (16256352/(-36))/17 a prime number?
False
Suppose -3*g - 4*a + 19987 = 0, -3*g + 4*g - 6644 = -5*a. Suppose 0 = -14*f - 803 + g. Is f a prime number?
True
Let r(y) = 5*y**2 - 28*y + 15. Let f be r(5). Suppose -8*w + 6915 + 4261 = f. Is w a prime number?
False
Let k(n) = 7*n**2 + 9*n - 6. Let c be k(-2). Suppose -23554 + 3165 = -t - c*g, -4*g = 5*t - 101993. Is t composite?
True
Let t(x) = -94*x - 6. Let u be t(-1). Let p = u + -86. Suppose -257 - 69 = -p*b. Is b a composite number?
False
Let o = -1093123 - -1855844. Is o a prime number?
True
Let r(i) = -21*i**3 - 17*i**2 - 23*i - 241. Is r(-10) a prime number?
True
Suppose 57*w = 53*w + 16. Suppose -4*l - 2*o + 6418 = -w*o, 3*l = 2*o + 4815. Is l composite?
True
Let r(d) = -49*d**2 - d. Let b be r(-6). Let q = b + 4096. Let h = 3597 - q. Is h a prime number?
True
Suppose -b + s + 2603 = -3*b, b + 5*s + 1324 = 0. Let h = b - -2512. Is h composite?
False
Let u = -36893 + 195210. Is u composite?
True
Let d(m) = m - 5. Let o be d(15). Suppose -5*u + o*a + 9 = 8*a, 2*u + 3*a = -4. Is u/10 + 6138/20 a prime number?
True
Let k = -78105 - -157424. Is k composite?
False
Let b = -921268 - -1596291. Is b a prime number?
False
Let u = -316576 - -482783. Is u a prime number?
True
Suppose -102*a - 164*a + 122391817 = -39*a. Is a composite?
False
Let f = -555978 - -826229. Is f composite?
True
Let p(g) = 25*g**2 + 21*g + 18. Let c be p(18). Suppose -c = i - 2*i. Suppose -5*v = 3*j - i, 7*v - 5*v = -6. Is j a composite number?
False
Suppose 5*o + 3*c + 338730 = 1963850, 2*c = -3*o + 975071. Is o a prime number?
True
Suppose 1327 = z - 6*z + m, -813 = 3*z + 5*m. Let c = 1204 + -1597. Let i = z - c. Is i composite?
False
Let x(o) = -76*o**3 - 3*o**2 - 29*o - 331. Is x(-10) prime?
True
Let j = -541 - -560. Suppose -54269 = -j*f + 305724. Is f a composite number?
False
Suppose -17*c + 809058 + 665913 = 0. Is c composite?
True
Let m = -342 - -342. Suppose -k + 22358 = -2*v - 1123, m = -3*k + 2*v + 70435. Is k prime?
False
Let i(p) be the third derivative of p**7/5040 + 19*p**6/360 + p**5/3 + 7*p**2. Let w(x) be the third derivative of i(x). Is w(-16) composite?
True
Let v(m) = -m**3 + 55*m**2 + 7*m - 152. Is v(-45) a composite number?
True
Let o = -521 + 218. Let d = 564 + o. Let q = d - 172. Is q a composite number?
False
Suppose 5 = 2*l - 19. Suppose -24 = -l*o + 4*o. Suppose -8*u + 1055 = -o*u. Is u a composite number?
False
Suppose 3*q + 6 = -84. Is 1*1/2*(q - -16604) prime?
True
Let t(q) = 49745*q**2 + 24*q - 12. Is t(1) a prime number?
True
Let a(q) = 8*q**2 + 5*q - 2. Let n(z) = z**2 + z. Let g(y) = a(y) - 5*n(y). Let b be g(-3). Suppose 0 = -w + b + 12. Is w a prime number?
True
Let p(a) = 351*a - 5. Let j be (-4)/22 + (-5)/((-220)/(-3732)). Let n = j - -89. Is p(n) composite?
False
Let u = 442 + -433. Suppose w = -6*f + u*f + 3646, -w = -2*f - 3646. Is w prime?
False
Suppose 9*f - 24 = 6*f. Suppose f - 38 = -q. Suppose -32*h = -q*h - 1174. Is h composite?
False
Let g = -701 + 698. Let u(k) = 638*k**2 + 21*k + 70. Is u(g) composite?
False
Let w = 35430 + -16307. Is w a prime number?
False
Is 1/((-35)/(-10652815)) - (144/28 - 5) a prime number?
False
Suppose 463*m = 541*m - 25392822. Is m a composite number?
True
Suppose s = 1, 5 = -3*d - s + 6*s. Suppose 12*h - 13*h + 5167 = d. Is h a composite number?
False
Let z(r) = -8*r**3 - 3*r**2 + 25. Let w be z(-7). Suppose 21*b + 816 - w = 0. Is b a composite number?
True
Let y = -264 + 271. Suppose -26*g + 152493 = y*g. Is g prime?
True
Suppose 2*j + 15 - 23 = 0. Suppose -j*o + 6*o = 2612. Suppose -1042 - o = -4*n. Is n a prime number?
True
Let f = 12 - 10. Let c(h) = 3*h**2. Let g be c(f). Suppose -10*k - 1466 = -g*k. Is k prime?
True
Let m = 32486 + 104691. Is m prime?
True
Suppose 3*p + 74232 = 3*x, -2*x - 1154 = 3*p - 50652. Suppose -7*y + x = -12333. Is y a prime number?
True
Let p be 50286 + 1*1/(-3)*3. Suppose -17*x = -179198 - p. Is x prime?
True
Let s = -49555 - -70614. Is s prime?
True
Let d = -175963 + 322880. Is d prime?
True
Let w(f) = 2914*f + 677. Is w(38) composite?
False
Let t be 7310/(-51)*((-34)/10 - -1). Let g(s) = -s**3 + 17*s**2 - 9*s - 2. Let b be g(13). Let v = b - t. Is v a composite number?
True
Suppose -8*w + 5*w + o = -6263, -w + o = -2089. Suppose -11*c + w = -38162. Is c a composite number?
False
Let c = -1606 - -1102. Let f = c - -2263. Is f a prime number?
True
Suppose b - 6 = -0*v - 2*v, 0 = 3*b - 4*v + 2. Suppose 12*m - 32 = 28. Suppose -b*f - 3*r = 3*f - 6734, m*f - r = 6722. Is f a composite number?
True
Let g(f) = -f**3 - 3*f**2 - 9*f - 11. Let w be g(-5). Suppose 0 = l + x - 1303, 3*l - w = 4*x + 3846. Is l a prime number?
False
Let r be 12/2 - 16480/(-40). Suppose 979 = f - r. Is f prime?
False
Let f be (-9199)/((-5)/(-9 + 49)). Suppose 0 = -24*y + 63952 + f. Is y composite?
True
Let n(z) = 36*z - 11. Let a be 1720/70 + (-3)/(-7). Is n(a) composite?
True
Suppose -3*d = k - 7, 3*d - 2 = 1. Is (125 - 6419)*(6/k)/(-3) a composite number?
True
Let x be (-1 + 15*-319)*(-9)/(-18). Let r = -686 - x. Is r a composite number?
True
Let i(h) = 3*h**2 - h. Let y(m) = 3*m + 40. Let f be y(-13). Let d be i(f). Is (1/d)/(10/18140) prime?
True
Let j be 3 + 9/(18/20). Suppose 0 = j*q - 19*q + 12. Suppose 5*m = 5*r + 275, q*m - r + 4*r - 100 = 0. Is m prime?
True
Suppose -26*a = -74719 - 21247. Suppose -61*h + a = -60*h. Is h a composite number?
False
Let s be (-1)/(-3) + (-742)/21. Let z be 5 + s/(-20) + (-1)/(-4). Is 7983/z - (-12)/21 a composite number?
True
Suppose -5*t + 59 = 3*r, r = -2*t + 3*t - 7. Suppose 0 = -t*h + 66026 + 125784. Is h a composite number?
False
Let f be (-80)/(-64) - 21/(-28). Let m be (0*(-2 - -1))/(-2). Suppose f*b + 6*b - 10072 = m. Is b composite?
False
Let q(l) = -13741*l + 29. Let y be q(-3). Suppose -2*x = w - y, x - 5*w - 3527 = 17110. Is x prime?
True
Let u(d) = 6*d**3 - d**2 + 2*d - 2. Let y be u(1). Is 6238/y*(3 - (-1)/(-2)) prime?
True
Suppose 307755 = 8*m - 649997. Suppose -7*k + 21814 = -m. Is k a composite number?
False
Let i(d) = 62234*d + 629. Is i(12) a prime number?
False
Is 4/60 - (-135031072)/120 a composite number?
False
Let z = -326 + 318. Let x(n) = 5*n**2 + n + 5. Is x(z) a prime number?
True
Let b(w) = -3602*w**3 + 3*w**2 - 1. Let i be b(2). Is 21/28 + i/(-4) - -5 prime?
True
Let g(n) be the second derivative of n**4/12 + n**3 + 3*n**2 - 11*n. Let c be g(-5). Is (c/(-3))/((-1)/(-6)) - -193 a prime number?
True
Let a(y) = 9*y + 34. Let n be a(7). Suppose -3*g - 112 = -n. Let k(s) = -44*s**3 + s**2 + 